in base 2?
1101110000
2e03 (base 16) to base 12
6997
Convert -2271 (base 13) to base 6.
-34200
What is -2050 (base 7) in base 6?
-3201
Convert -99c7 (base 13) to base 10.
-21457
741 (base 9) to base 5
4404
18b (base 14) to base 6
1251
12100 (base 4) to base 10
400
122120 (base 3) to base 5
3344
-21b (base 16) to base 15
-25e
289a (base 12) to base 13
21c7
249 (base 14) to base 7
1222
393 (base 10) to base 2
110001001
-16c4 (base 14) to base 4
-333330
Convert -32033 (base 6) to base 8.
-10365
Convert 4b69 (base 15) to base 5.
1003244
75 (base 12) to base 14
65
-1011 (base 7) to base 11
-29a
122303 (base 4) to base 5
23330
What is 111011010 (base 2) in base 11?
3a1
Convert -2302 (base 8) to base 2.
-10011000010
30234 (base 7) to base 5
213301
What is -12a (base 13) in base 15?
-da
What is 8b4c (base 15) in base 5?
1421142
What is -4c85 (base 14) in base 9?
-20388
-1430 (base 16) to base 4
-1100300
Convert -274 (base 9) to base 15.
-104
-19407 (base 12) to base 16
-9007
1003310 (base 5) to base 13
741c
Convert -11322 (base 4) to base 5.
-3003
-200112 (base 3) to base 7
-1313
-12949 (base 12) to base 8
-61711
What is -33231102 (base 4) in base 11?
-4437a
What is -207 (base 14) in base 7?
-1110
What is 2578 (base 14) in base 8?
14656
What is -621 (base 9) in base 8?
-771
-902 (base 13) to base 6
-11015
-34 (base 15) to base 11
-45
Convert 36aa (base 15) to base 8.
26563
103053 (base 6) to base 4
2010021
Convert 58 (base 9) to base 7.
104
105a (base 15) to base 5
102320
-1012022022 (base 3) to base 13
-a949
What is -10100101 (base 2) in base 14?
-bb
Convert -1654 (base 8) to base 11.
-785
What is 3718 (base 16) in base 5?
422404
4150 (base 6) to base 12
656
What is -1337 (base 10) in base 11?
-1006
Convert -7b7 (base 16) to base 5.
-30400
What is 1a (base 13) in base 4?
113
15033 (base 6) to base 9
3253
-1001203 (base 4) to base 7
-15142
Convert 19770 (base 12) to base 10.
37380
-101111100 (base 2) to base 16
-17c
What is -2598 (base 15) in base 7?
-32243
Convert 1202100 (base 3) to base 5.
20103
Convert 62d (base 15) to base 16.
571
-103121 (base 4) to base 16
-4d9
a2 (base 15) to base 4
2120
What is 638 (base 10) in base 14?
338
-40314 (base 5) to base 14
-d28
What is -4673 (base 10) in base 11?
-3569
13340 (base 5) to base 14
583
What is 221063 (base 8) in base 14?
1d107
95 (base 16) to base 12
105
Convert -60a (base 15) to base 8.
-2520
What is 10551 (base 6) in base 15?
6a7
389 (base 13) to base 10
620
-691 (base 12) to base 8
-1715
What is -4421 (base 6) in base 3?
-1101211
What is -294 (base 16) in base 12?
-470
What is 1673 (base 13) in base 16?
ce9
-15619 (base 10) to base 2
-11110100000011
What is b2b (base 12) in base 4?
121103
-442 (base 7) to base 10
-226
Convert 21c0 (base 15) to base 16.
1bf3
Convert 1000221 (base 3) to base 11.
626
What is 403102 (base 6) in base 15?
9645
22627 (base 9) to base 10
15091
What is -1096 (base 10) in base 2?
-10001001000
What is 4502 (base 6) in base 12?
732
-86a2 (base 11) to base 14
-4286
Convert -3675 (base 14) to base 5.
-301021
Convert -5712 (base 9) to base 8.
-10177
What is -10642 (base 10) in base 4?
-2212102
Convert 11401 (base 7) to base 10.
2941
1120200 (base 3) to base 10
1152
12 (base 13) to base 10
15
What is 44311 (base 5) in base 2?
110000001001
Convert 13503 (base 10) to base 7.
54240
-10324 (base 5) to base 7
-2040
Convert 97c4 (base 13) to base 11.
14957
What is -1011001000100 (base 2) in base 3?
-21211010
-2333 (base 14) to base 8
-13751
Convert -20 (base 9) to base 13.
-15
Convert -75304 (base 8) to base 16.
-7ac4
Convert 46a (base 14) to base 15.
3d8
Convert 515350 (base 6) to base 8.
120662
-2b21 (base 15) to base 8
-22050
1210102 (base 3) to base 9
1712
Convert 2012 (base 4) to base 11.
112
-120101221 (base 3) to base 15
-34da
Convert -2029 (base 11) to base 14.
-da5
-1da7 (base 16) to base 6
-55051
Convert 10200102 (base 3) to base 8.
5174
751 (base 15) to base 9
2234
What is 53375 (base 8) in base 12?
10a79
Convert 9777 (base 13) to base 10.
21054
Convert 4086 (base 11) to base 4.
1110222
What is -514052 (base 6) in base 15?
-c282
Convert 10110100110110 (base 2) to base 6.
125330
5566 (base 9) to base 7
14661
Convert -5421 (base 6) to base 9.
-1624
8062 (base 10) to base 6
101154
-2012 (base 8) to base 9
-1368
Convert -286 (base 11) to base 6.
-1320
2c9 (base 15) to base 7
1602
What is -100001010001 (base 2) in base 3?
-2220212
What is -70 (base 14) in base 6?
-242
What is -12b7a (base 12) in base 2?
-110010100001110
What is -3120211 (base 4) in base 16?
-3625
Convert 24132 (base 5) to base 11.
138a
-f5b (base 16) to base 12
-2337
-3612 (base 10) to base 12
-2110
What is -12233 (base 5) in base 7?
-2515
Convert -211233 (base 4) to base 14.
-c47
What is -403402 (base 5) in base 8?
-31261
What is -877 (base 12) in base 6?
-5431
Convert -8334 (base 9) to base 13.
-2a19
Convert -10001100000 (base 2) to base 9.
-1474
Convert 131111 (base 4) to base 9.
2515
Convert 8bd (base 16) to base 2.
100010111101
Convert 2a6 (base 13) to base 11.
3a1
1140204 (base 6) to base 8
164454
What is -10538 (base 10) in base 4?
-2210222
What is -121020010 (base 3) in base 7?
-46326
What is 2121101 (base 3) in base 5?
30100
What is -6a3 (base 11) in base 4?
-31013
What is -2535 (base 9) in base 7?
-5345
What is -111403 (base 5) in base 13?
-1a70
Convert 1001100001 (base 2) to base 10.
609
70e (base 16) to base 5
24211
What is 101112121 (base 3) in base 15?
2424
What is -5973 (base 11) in base 4?
-1322100
What is 15451 (base 8) in base 2?
1101100101001
What is -111011011001011 (base 2) in base 9?
-45640
-3324404 (base 5) to base 2
-1110001011111000
Convert 42d (base 14) to base 10.
825
What is -2345 (base 7) in base 12?
-602
What is 10535 (base 6) in base 4?
113123
What is -b30 (base 14) in base 10?
-2198
What is 959 (base 16) in base 12?
1475
What is 1135 (base 8) in base 2?
1001011101
-337 (base 16) to base 8
-1467
What is -366 (base 11) in base 16?
-1b3
Convert -650 (base 11) to base 9.
-1057
What is -961 (base 12) in base 3?
-1212201
Convert 2500 (base 8) to base 10.
1344
Convert -12521 (base 6) to base 16.
-781
Convert -2201121 (base 3) to base 8.
-3703
What is 7b4e (base 16) in base 8?
75516
-24221 (base 5) to base 13
-a94
What is -3106 (base 7) in base 12?
-764
Convert -a6 (base 15) to base 6.
-420
What is 24b8 (base 14) in base 11?
491a
What is -10021210 (base 4) in base 8?
-41144
Convert -229 (base 16) to base 5.
-4203
4a9 (base 15) to base 10
1059
Convert -2211 (base 7) to base 5.
-11132
What is -7375 (base 9) in base 13?
-2606
1100020 (base 3) to base 13
5a3
3246 (base 7) to base 4
102021
What is 552435 (base 6) in base 8?
131607
What is 11212011 (base 3) in base 14?
140d
126562 (base 7) to base 12
11a44
5d2b (base 16) to base 13
ab19
-48a (base 13) to base 7
-2206
What is -23917 (base 13) in base 12?
-3191a
Convert -597 (base 15) to base 12.
-897
What is -123 (base 13) in base 2?
-11000110
What is 112351 (base 6) in base 16?
25ab
2e6 (base 15) to base 11
556
Convert 1431 (base 8) to base 16.
319
-171 (base 13) to base 6
-1113
10441 (base 6) to base 7
4162
Convert -478 (base 13) to base 12.
-547
Convert 2105 (base 10) to base 5.
31410
1809 (base 10) to base 8
3421
What is 287a (base 12) in base 10?
4702
-1202220211 (base 3) to base 10
-34933
What is 4026 (base 11) in base 3?
21100020
Convert -16c3 (base 15) to base 3.
-20201210
Convert -52 (base 16) to base 13.
-64
Convert 1110100101010 (base 2) to base 15.
232b
What is 6c57 (base 15) in base 10?
23032
3e4 (base 16) to base 15
466
What is -100010110100 (base 2) in base 3?
-10001112
Convert 42 (base 11) to base 3.
1201
What is -13322 (base 6) in base 16?
-812
Convert -624 (base 12) to base 7.
-2413
Convert 513541 (base 7) to base 3.
11110100121
Convert 6262 (base 13) to base 2.
11010100100000
Convert -111101000100 (base 2) to base 13.
-1a18
-684 (base 10) to base 14
-36c
-1363 (base 13) to base 15
-c5a
What is -843 (base 12) in base 15?
-553
2558 (base 9) to base 11
1492
What is 11110000100010 (base 2) in base 10?
15394
Convert 239 (base 12) to base 6.
1313
Convert -7822 (base 10) to base 12.
-463a
-203 (base 9) to base 16
-a5
Convert 4246 (base 11) to base 3.
21201000
What is 519 (base 14) in base 13?
5c2
What is -11101 (base 7) in base 6?
